{"id":6,"date":"2021-05-15T11:01:45","date_gmt":"2021-05-15T09:01:45","guid":{"rendered":"http:\/\/doerings.info\/wprs\/?page_id=6"},"modified":"2026-04-25T21:27:46","modified_gmt":"2026-04-25T19:27:46","slug":"ueber-uns","status":"publish","type":"page","link":"https:\/\/doerings.info\/?page_id=6","title":{"rendered":"\u00dcber mich"},"content":{"rendered":"\n<p>In den 1990er Jahren gelangte der Nachlass des verstorbenen Ahnenforschers Dr. Paul D\u00f6ring (Berlin) in die H\u00e4nde meines Vaters, der dann anfing, die Berge von Schreibmaschinenseiten zu sichten und auf einer ebenfalls geerbten genealogischen Schreibmaschine die Ahnenliste des Dr. D\u00f6ring abzutippen. Diese sollte sp\u00e4ter in den Goldmann-Nachrichten ver\u00f6ffentlicht werden, wozu es aber schlussendlich nicht kam.<\/p>\n\n\n\n<p>Bereits damals war ich u.a. zum Korrekturlesen an der Arbeit beteiligt und fand einige Jahre sp\u00e4ter mehr zuf\u00e4llig eine Ahnenforschungssoftware <a href=\"http:\/\/wiki-de.genealogy.net\/Ahnengalerie_(Genealogiesoftware)\" target=\"_blank\" rel=\"noreferrer noopener\">(<strong>Ahnengalerie 1.0<\/strong>)<\/a> in einem Elektronik-Markt. Das war 1996 und der Beginn meiner Ahnenforschung. Nach verschiedenen Updates, damit verbundener &#8218;Verschlimmbesserung&#8216; des Programms und folgenden Umwegen \u00fcber unterschiedliche Datenerfassungsprogramme, kam ich irgendwann zu <a href=\"http:\/\/wiki-de.genealogy.net\/PAF\" target=\"_blank\" rel=\"noreferrer noopener\"><strong>Personal Ancestral File<\/strong> (PAF)<\/a>, welches ich in seiner finalen Version (die Entwicklung wurde 2013 eingestellt) lange Zeit nutzte. Seit Oktober 2019 nun nutze ich <strong><a href=\"http:\/\/wiki-de.genealogy.net\/Ahnenblatt_(Genealogiesoftware)\" target=\"_blank\" rel=\"noreferrer noopener\">Ahnenblatt<\/a><\/strong> und war und bin \u00fcberrascht, welche Detailtiefe das Programm f\u00fcr Eingaben bietet &#8211; das war ich von bisherigen Programmen nicht gewohnt.<\/p>\n\n\n\n<p>Im Jahre 2002 wurde es Zeit, meine Forschungsergebnisse einer breiteren \u00d6ffentlichkeit zur Verf\u00fcgung zu stellen und so startete ich eine Webseite, zun\u00e4chst jedoch nur mit meiner eigenen Vorfahrenliste. Die Ausgabem\u00f6glichkeiten aller genutzten Programme f\u00fchrten immer nur zu halb-zufriedenstellenden Ergebnissen und so ist seit 2017 meine komplette Datenbank mit inzwischen \u00fcber 36.000 Personen in Webtrees auf dieser Webseite online.<br>Nach langen Jahren spartanischem HTML-Design habe ich diese Seite 2021 auf WordPress umgestellt und hoffe, es gef\u00e4llt.<\/p>\n\n\n\n<p>Ahnenforschung lebt vom Austausch untereinander und so freue ich mich \u00fcber Ihre\/Eure Nachricht und gegenseitige Erg\u00e4nzungen unserer Arbeit.<\/p>\n\n\n\n<p><\/p>\n","protected":false},"excerpt":{"rendered":"<p>In den 1990er Jahren gelangte der Nachlass des verstorbenen Ahnenforschers Dr. Paul D\u00f6ring (Berlin) in die H\u00e4nde meines Vaters, der dann anfing, die Berge von Schreibmaschinenseiten zu sichten und auf einer ebenfalls geerbten genealogischen Schreibmaschine die Ahnenliste des Dr. D\u00f6ring abzutippen. Diese sollte sp\u00e4ter in den Goldmann-Nachrichten ver\u00f6ffentlicht werden, wozu es aber schlussendlich nicht kam. &hellip; <\/p>\n<p class=\"link-more\"><a href=\"https:\/\/doerings.info\/?page_id=6\" class=\"more-link\">Mehr <span class=\"screen-reader-text\">\u00fcber &#8222;\u00dcber mich&#8220; <\/span>Lesen<\/a><\/p>\n","protected":false},"author":1,"featured_media":0,"parent":0,"menu_order":0,"comment_status":"closed","ping_status":"closed","template":"","meta":{"inspiro_hide_title":false,"footnotes":""},"class_list":["post-6","page","type-page","status-publish","hentry"],"_links":{"self":[{"href":"https:\/\/doerings.info\/index.php?rest_route=\/wp\/v2\/pages\/6","targetHints":{"allow":["GET"]}}],"collection":[{"href":"https:\/\/doerings.info\/index.php?rest_route=\/wp\/v2\/pages"}],"about":[{"href":"https:\/\/doerings.info\/index.php?rest_route=\/wp\/v2\/types\/page"}],"author":[{"embeddable":true,"href":"https:\/\/doerings.info\/index.php?rest_route=\/wp\/v2\/users\/1"}],"replies":[{"embeddable":true,"href":"https:\/\/doerings.info\/index.php?rest_route=%2Fwp%2Fv2%2Fcomments&post=6"}],"version-history":[{"count":12,"href":"https:\/\/doerings.info\/index.php?rest_route=\/wp\/v2\/pages\/6\/revisions"}],"predecessor-version":[{"id":300,"href":"https:\/\/doerings.info\/index.php?rest_route=\/wp\/v2\/pages\/6\/revisions\/300"}],"wp:attachment":[{"href":"https:\/\/doerings.info\/index.php?rest_route=%2Fwp%2Fv2%2Fmedia&parent=6"}],"curies":[{"name":"wp","href":"https:\/\/api.w.org\/{rel}","templated":true}]}}