{"id":34,"date":"2021-05-15T11:42:21","date_gmt":"2021-05-15T09:42:21","guid":{"rendered":"http:\/\/doerings.info\/wprs\/?page_id=34"},"modified":"2026-02-03T20:59:02","modified_gmt":"2026-02-03T19:59:02","slug":"herzlich-willkommen","status":"publish","type":"page","link":"https:\/\/doerings.info\/","title":{"rendered":"Herzlich Willkommen"},"content":{"rendered":"\n<p>Mit dem Blick auf den kleinen Ort <strong><a href=\"https:\/\/de.wikipedia.org\/wiki\/R%C3%BCstungen\" target=\"_blank\" rel=\"noreferrer noopener\">R\u00fcstungen<\/a> im Eichsfeld <\/strong>m\u00f6chte ich Ihnen hier die Geschichte meiner Ahnen vorstellen.\u00a0In R\u00fcstungen ist die <em><strong>Familie D\u00f6ring<\/strong> <\/em>urkundlich nachweisbar ab Ende des 17. Jahrhunderts, bevor sie sich ab Mitte des 19. Jahrhunderts von dort in alle Welt verstreute. Auch heute leben aber noch Nachkommen der ersten D\u00f6rings in R\u00fcstungen. In vielen anderen Eichsfeldorten findet sich der Familienname D\u00f6ring ebenfalls, nicht immer ist hier jedoch ein urkundlicher Zusammenhang mit den R\u00fcstunger D\u00f6rings nachweisbar.<br>Dank einer umfangreichen Forschungsarbeit durch Dr. Paul D\u00f6ring, Augenarzt in Berlin, (*1906, +1983), l\u00e4sst sich der Name D\u00f6ring bis ca. 1480 zur\u00fcckverfolgen.<\/p>\n\n\n\n<p>Meine v\u00e4terliche Mutterlinie <strong><em>Gaedicke <\/em><\/strong>stammt aus <strong>Radensleben und Wulkow im Ruppiner Land in Brandenburg<\/strong>.<br><br>Meine m\u00fctterlichen Ahnen lassen sich mit der <strong><em>Familie <\/em><\/strong><em><strong>Kriesch<\/strong> <\/em>bis nach <strong>Borui, Kreis Bomst in der Neumark<\/strong> und weiter in die Provinz Posen nachweisen. Aus <strong>Ebersdorf und dem Kreis Habelschwerdt, Grafschaft Glatz\/Schlesien<\/strong> stammt die <strong><em>Familie F\u00fcssel<\/em><\/strong>. Auf dieser Ahnenseite sind die L\u00fccken in meinen Forschungsergebnissen gr\u00f6\u00dfer als auf der Vaterseite.<br><br>In meiner <a href=\"https:\/\/doerings.info\/wprs\/?page_id=55\" data-type=\"page\" data-id=\"55\">Datenbank<\/a> finden Sie meinen kompletten Datenbestand und k\u00f6nnen diesen nach Ankn\u00fcpfungspunkten durchsuchen.<\/p>\n","protected":false},"excerpt":{"rendered":"<p>Mit dem Blick auf den kleinen Ort R\u00fcstungen im Eichsfeld m\u00f6chte ich Ihnen hier die Geschichte meiner Ahnen vorstellen.\u00a0In R\u00fcstungen ist die Familie D\u00f6ring urkundlich nachweisbar ab Ende des 17. Jahrhunderts, bevor sie sich ab Mitte des 19. Jahrhunderts von dort in alle Welt verstreute. Auch heute leben aber noch Nachkommen der ersten D\u00f6rings in &hellip; <\/p>\n<p class=\"link-more\"><a href=\"https:\/\/doerings.info\/\" class=\"more-link\">Mehr <span class=\"screen-reader-text\">\u00fcber &#8222;Herzlich Willkommen&#8220; <\/span>Lesen<\/a><\/p>\n","protected":false},"author":1,"featured_media":0,"parent":0,"menu_order":0,"comment_status":"closed","ping_status":"closed","template":"","meta":{"inspiro_hide_title":false,"footnotes":""},"class_list":["post-34","page","type-page","status-publish","hentry"],"_links":{"self":[{"href":"https:\/\/doerings.info\/index.php?rest_route=\/wp\/v2\/pages\/34","targetHints":{"allow":["GET"]}}],"collection":[{"href":"https:\/\/doerings.info\/index.php?rest_route=\/wp\/v2\/pages"}],"about":[{"href":"https:\/\/doerings.info\/index.php?rest_route=\/wp\/v2\/types\/page"}],"author":[{"embeddable":true,"href":"https:\/\/doerings.info\/index.php?rest_route=\/wp\/v2\/users\/1"}],"replies":[{"embeddable":true,"href":"https:\/\/doerings.info\/index.php?rest_route=%2Fwp%2Fv2%2Fcomments&post=34"}],"version-history":[{"count":20,"href":"https:\/\/doerings.info\/index.php?rest_route=\/wp\/v2\/pages\/34\/revisions"}],"predecessor-version":[{"id":248,"href":"https:\/\/doerings.info\/index.php?rest_route=\/wp\/v2\/pages\/34\/revisions\/248"}],"wp:attachment":[{"href":"https:\/\/doerings.info\/index.php?rest_route=%2Fwp%2Fv2%2Fmedia&parent=34"}],"curies":[{"name":"wp","href":"https:\/\/api.w.org\/{rel}","templated":true}]}}